{"id":1424,"date":"2023-10-19T15:48:35","date_gmt":"2023-10-19T13:48:35","guid":{"rendered":"https:\/\/guercino.cultura.gov.it\/?page_id=1424"},"modified":"2024-06-25T14:09:47","modified_gmt":"2024-06-25T12:09:47","slug":"progettazione-2-2-3-10","status":"publish","type":"page","link":"https:\/\/guercino.cultura.gov.it\/?page_id=1424","title":{"rendered":"Stato San Giuseppe"},"content":{"rendered":"\t\t<div data-elementor-type=\"wp-page\" data-elementor-id=\"1424\" class=\"elementor elementor-1424\" data-elementor-post-type=\"page\">\n\t\t\t\t\t\t<section class=\"elementor-section elementor-top-section elementor-element elementor-element-de36683 elementor-section-boxed elementor-section-height-default elementor-section-height-default\" data-id=\"de36683\" data-element_type=\"section\" data-settings=\"{&quot;background_background&quot;:&quot;classic&quot;}\">\n\t\t\t\t\t\t<div class=\"elementor-container elementor-column-gap-default\">\n\t\t\t\t\t<div class=\"elementor-column elementor-col-100 elementor-top-column elementor-element elementor-element-04a1679\" data-id=\"04a1679\" data-element_type=\"column\">\n\t\t\t<div class=\"elementor-widget-wrap elementor-element-populated\">\n\t\t\t\t\t\t<div class=\"elementor-element elementor-element-67e7a57 elementor-invisible elementor-widget elementor-widget-heading\" data-id=\"67e7a57\" data-element_type=\"widget\" data-settings=\"{&quot;_animation&quot;:&quot;fadeInUp&quot;}\" data-widget_type=\"heading.default\">\n\t\t\t\t<div class=\"elementor-widget-container\">\n\t\t\t<h1 class=\"elementor-heading-title elementor-size-default\"><i>San Giuseppe<\/i><\/h1>\t\t<\/div>\n\t\t\t\t<\/div>\n\t\t\t\t<div class=\"elementor-element elementor-element-652c500 elementor-invisible elementor-widget elementor-widget-heading\" data-id=\"652c500\" data-element_type=\"widget\" data-settings=\"{&quot;_animation&quot;:&quot;fadeInDown&quot;}\" data-widget_type=\"heading.default\">\n\t\t\t\t<div class=\"elementor-widget-container\">\n\t\t\t<p class=\"elementor-heading-title elementor-size-default\">1648-1649<\/p>\t\t<\/div>\n\t\t\t\t<\/div>\n\t\t\t\t<div class=\"elementor-element elementor-element-3790186 elementor-widget-divider--view-line elementor-invisible elementor-widget elementor-widget-divider\" data-id=\"3790186\" data-element_type=\"widget\" data-settings=\"{&quot;_animation&quot;:&quot;zoomIn&quot;,&quot;_animation_delay&quot;:400}\" data-widget_type=\"divider.default\">\n\t\t\t\t<div class=\"elementor-widget-container\">\n\t\t\t\t\t<div class=\"elementor-divider\">\n\t\t\t<span class=\"elementor-divider-separator\">\n\t\t\t\t\t\t<\/span>\n\t\t<\/div>\n\t\t\t\t<\/div>\n\t\t\t\t<\/div>\n\t\t\t\t<div class=\"elementor-element elementor-element-9515e65 elementor-widget elementor-widget-heading\" data-id=\"9515e65\" data-element_type=\"widget\" data-widget_type=\"heading.default\">\n\t\t\t\t<div class=\"elementor-widget-container\">\n\t\t\t<h2 class=\"elementor-heading-title elementor-size-default\">stato conservativo<\/h2>\t\t<\/div>\n\t\t\t\t<\/div>\n\t\t\t\t<div class=\"elementor-element elementor-element-6f2ec71 elementor-widget__width-initial elementor-fixed elementor-widget elementor-widget-image\" data-id=\"6f2ec71\" data-element_type=\"widget\" data-settings=\"{&quot;_position&quot;:&quot;fixed&quot;}\" data-widget_type=\"image.default\">\n\t\t\t\t<div class=\"elementor-widget-container\">\n\t\t\t\t\t\t\t\t\t\t\t\t\t\t<a href=\"https:\/\/guercino.cultura.gov.it\/?page_id=1196\">\n\t\t\t\t\t\t\t<img decoding=\"async\" width=\"100\" height=\"100\" src=\"https:\/\/guercino.cultura.gov.it\/wp-content\/uploads\/2023\/10\/icons8-cerchiato-sinistra-100-2.png\" class=\"attachment-full size-full wp-image-1996\" alt=\"\" \/>\t\t\t\t\t\t\t\t<\/a>\n\t\t\t\t\t\t\t\t\t\t\t\t\t<\/div>\n\t\t\t\t<\/div>\n\t\t\t\t\t<\/div>\n\t\t<\/div>\n\t\t\t\t\t<\/div>\n\t\t<\/section>\n\t\t\t\t<section class=\"elementor-section elementor-top-section elementor-element elementor-element-e4d38ff elementor-section-boxed elementor-section-height-default elementor-section-height-default\" data-id=\"e4d38ff\" data-element_type=\"section\">\n\t\t\t\t\t\t<div class=\"elementor-container elementor-column-gap-default\">\n\t\t\t\t\t<div class=\"elementor-column elementor-col-50 elementor-top-column elementor-element elementor-element-5ff68583\" data-id=\"5ff68583\" data-element_type=\"column\">\n\t\t\t<div class=\"elementor-widget-wrap elementor-element-populated\">\n\t\t\t\t\t\t<div class=\"elementor-element elementor-element-f777145 elementor-arrows-position-outside elementor-pagination-position-outside elementor-widget elementor-widget-image-carousel\" data-id=\"f777145\" data-element_type=\"widget\" data-settings=\"{&quot;slides_to_show&quot;:&quot;1&quot;,&quot;navigation&quot;:&quot;both&quot;,&quot;autoplay&quot;:&quot;yes&quot;,&quot;pause_on_hover&quot;:&quot;yes&quot;,&quot;pause_on_interaction&quot;:&quot;yes&quot;,&quot;autoplay_speed&quot;:5000,&quot;infinite&quot;:&quot;yes&quot;,&quot;effect&quot;:&quot;slide&quot;,&quot;speed&quot;:500}\" data-widget_type=\"image-carousel.default\">\n\t\t\t\t<div class=\"elementor-widget-container\">\n\t\t\t\t\t<div class=\"elementor-image-carousel-wrapper swiper\" dir=\"ltr\">\n\t\t\t<div class=\"elementor-image-carousel swiper-wrapper\" aria-live=\"off\">\n\t\t\t\t\t\t\t\t<div class=\"swiper-slide\" role=\"group\" aria-roledescription=\"slide\" aria-label=\"1 di 2\"><a data-elementor-open-lightbox=\"yes\" data-elementor-lightbox-slideshow=\"f777145\" data-elementor-lightbox-title=\"San Giuseppe, Immagine in luce visibile radente (RAD)\" data-e-action-hash=\"#elementor-action%3Aaction%3Dlightbox%26settings%3DeyJpZCI6MTYwOCwidXJsIjoiaHR0cHM6XC9cL2d1ZXJjaW5vLmN1bHR1cmEuZ292Lml0XC93cC1jb250ZW50XC91cGxvYWRzXC8yMDIzXC8xMFwvUkFELUd1ZXJjaW5vX1Nhbi1HaXVzZXBwZS1jb3BpYS1zY2FsZWQuanBnIiwic2xpZGVzaG93IjoiZjc3NzE0NSJ9\" href=\"https:\/\/guercino.cultura.gov.it\/wp-content\/uploads\/2023\/10\/RAD-Guercino_San-Giuseppe-copia-scaled.jpg\"><figure class=\"swiper-slide-inner\"><img decoding=\"async\" class=\"swiper-slide-image\" src=\"https:\/\/guercino.cultura.gov.it\/wp-content\/uploads\/2023\/10\/RAD-Guercino_San-Giuseppe-copia-scaled.jpg\" alt=\"San Giuseppe, Immagine in luce visibile radente (RAD)\" \/><figcaption class=\"elementor-image-carousel-caption\">San Giuseppe, Immagine in luce visibile radente (RAD)<\/figcaption><\/figure><\/a><\/div><div class=\"swiper-slide\" role=\"group\" aria-roledescription=\"slide\" aria-label=\"2 di 2\"><a data-elementor-open-lightbox=\"yes\" data-elementor-lightbox-slideshow=\"f777145\" data-elementor-lightbox-title=\"San Giuseppe, Immagine in fluorescenza visibile indotta da radiazione ultravioletta (UVF)\" data-e-action-hash=\"#elementor-action%3Aaction%3Dlightbox%26settings%3DeyJpZCI6MTYxMiwidXJsIjoiaHR0cHM6XC9cL2d1ZXJjaW5vLmN1bHR1cmEuZ292Lml0XC93cC1jb250ZW50XC91cGxvYWRzXC8yMDIzXC8xMFwvVVZGLUd1ZXJjaW5vX1Nhbi1HaXVzZXBwZS1jb3BpYS1zY2FsZWQuanBnIiwic2xpZGVzaG93IjoiZjc3NzE0NSJ9\" href=\"https:\/\/guercino.cultura.gov.it\/wp-content\/uploads\/2023\/10\/UVF-Guercino_San-Giuseppe-copia-scaled.jpg\"><figure class=\"swiper-slide-inner\"><img decoding=\"async\" class=\"swiper-slide-image\" src=\"https:\/\/guercino.cultura.gov.it\/wp-content\/uploads\/2023\/10\/UVF-Guercino_San-Giuseppe-copia-scaled.jpg\" alt=\"San Giuseppe, Immagine in fluorescenza visibile indotta da radiazione ultravioletta (UVF)\" \/><figcaption class=\"elementor-image-carousel-caption\">San Giuseppe, Immagine in fluorescenza visibile indotta da radiazione ultravioletta (UVF)<\/figcaption><\/figure><\/a><\/div>\t\t\t<\/div>\n\t\t\t\t\t\t\t\t\t\t\t\t<div class=\"elementor-swiper-button elementor-swiper-button-prev\" role=\"button\" tabindex=\"0\">\n\t\t\t\t\t\t<i aria-hidden=\"true\" class=\"eicon-chevron-left\"><\/i>\t\t\t\t\t<\/div>\n\t\t\t\t\t<div class=\"elementor-swiper-button elementor-swiper-button-next\" role=\"button\" tabindex=\"0\">\n\t\t\t\t\t\t<i aria-hidden=\"true\" class=\"eicon-chevron-right\"><\/i>\t\t\t\t\t<\/div>\n\t\t\t\t\n\t\t\t\t\t\t\t\t\t<div class=\"swiper-pagination\"><\/div>\n\t\t\t\t\t\t\t\t\t<\/div>\n\t\t\t\t<\/div>\n\t\t\t\t<\/div>\n\t\t\t\t\t<\/div>\n\t\t<\/div>\n\t\t\t\t<div class=\"elementor-column elementor-col-50 elementor-top-column elementor-element elementor-element-ebedb72\" data-id=\"ebedb72\" data-element_type=\"column\" data-settings=\"{&quot;background_background&quot;:&quot;classic&quot;}\">\n\t\t\t<div class=\"elementor-widget-wrap elementor-element-populated\">\n\t\t\t\t\t\t<div class=\"elementor-element elementor-element-98fbf9d elementor-invisible elementor-widget elementor-widget-heading\" data-id=\"98fbf9d\" data-element_type=\"widget\" data-settings=\"{&quot;_animation&quot;:&quot;fadeInUp&quot;}\" data-widget_type=\"heading.default\">\n\t\t\t\t<div class=\"elementor-widget-container\">\n\t\t\t<h2 class=\"elementor-heading-title elementor-size-default\">STATO CONSERVATIVO<\/h2>\t\t<\/div>\n\t\t\t\t<\/div>\n\t\t\t\t<div class=\"elementor-element elementor-element-6e893c0 elementor-widget elementor-widget-text-editor\" data-id=\"6e893c0\" data-element_type=\"widget\" data-widget_type=\"text-editor.default\">\n\t\t\t\t<div class=\"elementor-widget-container\">\n\t\t\t\t\t\t\t<p><span class=\"TextRun Highlight SCXW216320744 BCX0\" lang=\"IT-IT\" xml:lang=\"IT-IT\" data-contrast=\"none\"><span class=\"NormalTextRun SCXW216320744 BCX0\">Tra i metodi di esame impiegati <\/span><span class=\"NormalTextRun SCXW216320744 BCX0\">nell\u2019<\/span><span class=\"NormalTextRun SCXW216320744 BCX0\">accertamento dello stato di <\/span><span class=\"NormalTextRun SCXW216320744 BCX0\">conservazione<\/span><span class=\"NormalTextRun SCXW216320744 BCX0\"> e nella verifica dell\u2019esistenza e dell\u2019estensione di parti non originali del tessuto pittorico<\/span><span class=\"NormalTextRun SCXW216320744 BCX0\">,<\/span><span class=\"NormalTextRun SCXW216320744 BCX0\"> vi sono la tecnica fotografica in luce radente (RAD) e quella di fluorescenza visibile indotta da radiazione ultravioletta (UVF).\u00a0<\/span><\/span><span class=\"EOP SCXW216320744 BCX0\" data-ccp-props=\"{&quot;201341983&quot;:0,&quot;335551550&quot;:6,&quot;335551620&quot;:6,&quot;335559739&quot;:160,&quot;335559740&quot;:276}\">\u00a0<\/span><\/p>\t\t\t\t\t\t<\/div>\n\t\t\t\t<\/div>\n\t\t\t\t<div class=\"elementor-element elementor-element-c927412 elementor-tabs-view-horizontal elementor-invisible elementor-widget elementor-widget-tabs\" data-id=\"c927412\" data-element_type=\"widget\" data-settings=\"{&quot;_animation&quot;:&quot;fadeInUp&quot;}\" data-widget_type=\"tabs.default\">\n\t\t\t\t<div class=\"elementor-widget-container\">\n\t\t\t\t\t<div class=\"elementor-tabs\">\n\t\t\t<div class=\"elementor-tabs-wrapper\" role=\"tablist\" >\n\t\t\t\t\t\t\t\t\t<div id=\"elementor-tab-title-2101\" class=\"elementor-tab-title elementor-tab-desktop-title\" aria-selected=\"true\" data-tab=\"1\" role=\"tab\" tabindex=\"0\" aria-controls=\"elementor-tab-content-2101\" aria-expanded=\"false\">Fotografia in luce radente (RAD) <\/div>\n\t\t\t\t\t\t\t\t\t<div id=\"elementor-tab-title-2102\" class=\"elementor-tab-title elementor-tab-desktop-title\" aria-selected=\"false\" data-tab=\"2\" role=\"tab\" tabindex=\"-1\" aria-controls=\"elementor-tab-content-2102\" aria-expanded=\"false\">Fotografia di fluorescenza visibile indotta da radiazione ultravioletta (UVF) <\/div>\n\t\t\t\t\t\t\t<\/div>\n\t\t\t<div class=\"elementor-tabs-content-wrapper\" role=\"tablist\" aria-orientation=\"vertical\">\n\t\t\t\t\t\t\t\t\t<div class=\"elementor-tab-title elementor-tab-mobile-title\" aria-selected=\"true\" data-tab=\"1\" role=\"tab\" tabindex=\"0\" aria-controls=\"elementor-tab-content-2101\" aria-expanded=\"false\">Fotografia in luce radente (RAD) <\/div>\n\t\t\t\t\t<div id=\"elementor-tab-content-2101\" class=\"elementor-tab-content elementor-clearfix\" data-tab=\"1\" role=\"tabpanel\" aria-labelledby=\"elementor-tab-title-2101\" tabindex=\"0\" hidden=\"false\"><p><span style=\"font-family: aetna; font-size: 14pt;\">La fotografia in luce radente prevede il posizionamento della sorgente luminosa in modo tale che questa proietti il fascio luminoso quasi parallelo alla superfice del dipinto. <strong>Tale procedura permette di mettere in risalto tutti i rilievi e le depressioni presenti sullo strato pittorico.<\/strong> L\u2019indagine consente di rilevare anche la presenza di <strong>incisioni o sovrapposizioni di colore<\/strong> permettendo di implementare le informazioni sulla tecnica pittorica dell\u2019artista. Per quanto riguarda il monitoraggio dello stato di conservazione, questo tipo di illuminazione consente di rendere pi\u00f9 evidenti <strong>sollevamenti, rigonfiamenti e lacune<\/strong>.<\/span><\/p><\/div>\n\t\t\t\t\t\t\t\t\t<div class=\"elementor-tab-title elementor-tab-mobile-title\" aria-selected=\"false\" data-tab=\"2\" role=\"tab\" tabindex=\"-1\" aria-controls=\"elementor-tab-content-2102\" aria-expanded=\"false\">Fotografia di fluorescenza visibile indotta da radiazione ultravioletta (UVF) <\/div>\n\t\t\t\t\t<div id=\"elementor-tab-content-2102\" class=\"elementor-tab-content elementor-clearfix\" data-tab=\"2\" role=\"tabpanel\" aria-labelledby=\"elementor-tab-title-2102\" tabindex=\"0\" hidden=\"hidden\"><p><span style=\"font-family: aetna; font-size: 14pt;\">Le radiazioni elettromagnetiche che il nostro occhio riesce a percepire rientrano in un intervallo di lunghezze d\u2019onda,\u00a0definito visibile, che va da circa 400 a 750 nanometri. Oltre questi limiti le radiazioni diventano invisibili per l\u2019uomo, ma conservano la capacit\u00e0 di interagire in vari modi con la materia, ad esempio attraverso l\u2019assorbimento, la riflessione, la trasmissione, in modo simile a quanto avviene con la luce visibile.\u00a0<\/span><\/p><p><span style=\"font-family: aetna; font-size: 14pt;\">La tecnica fotografica di fluorescenza visibile indotta da radiazione ultravioletta (UVF) sfrutta il comportamento che hanno alcuni materiali quando vengono illuminati da una sorgente di luce che emette radiazioni ultraviolette non visibili all\u2019occhio umano. Quando una superfice viene irraggiata da raggi UV questa pu\u00f2 assorbire o riemettere energia sottoforma di raggi visibili. Le diverse luminosit\u00e0, o fluorescenze, osservabili su un dipinto irraggiato dipendono non solo dalla composizione chimica delle sostanze presenti nella vernice protettiva e negli strati pittorici, ma variano anche nel tempo. Questa \u00e8 la ragione per cui <strong>la fotografia di fluorescenza \u00e8 efficace nel distinguere le ridipinture dalla stesura originale: i materiali sovrapposti, essendo meno antichi, tendono ad apparire pi\u00f9 scuri a causa del diverso colore e intensit\u00e0 di fluorescenza che mostrano, quindi le parti che hanno subito restauri o aggiunte recenti risulteranno pi\u00f9 scure o totalmente nere.<\/strong>\u00a0<\/span><\/p><\/div>\n\t\t\t\t\t\t\t<\/div>\n\t\t<\/div>\n\t\t\t\t<\/div>\n\t\t\t\t<\/div>\n\t\t\t\t\t<\/div>\n\t\t<\/div>\n\t\t\t\t\t<\/div>\n\t\t<\/section>\n\t\t\t\t<\/div>\n\t\t","protected":false},"excerpt":{"rendered":"<p>San Giuseppe 1648-1649 stato conservativo San Giuseppe, Immagine in luce visibile radente (RAD) San Giuseppe, Immagine in fluorescenza visibile indotta da radiazione ultravioletta (UVF) STATO CONSERVATIVO Tra i metodi di esame impiegati nell\u2019accertamento dello stato di conservazione e nella verifica dell\u2019esistenza e dell\u2019estensione di parti non originali del tessuto pittorico, vi sono la tecnica fotografica [&hellip;]<\/p>\n","protected":false},"author":2,"featured_media":0,"parent":0,"menu_order":0,"comment_status":"closed","ping_status":"closed","template":"","meta":{"ocean_post_layout":"full-screen","ocean_both_sidebars_style":"","ocean_both_sidebars_content_width":0,"ocean_both_sidebars_sidebars_width":0,"ocean_sidebar":"","ocean_second_sidebar":"","ocean_disable_margins":"enable","ocean_add_body_class":"","ocean_shortcode_before_top_bar":"","ocean_shortcode_after_top_bar":"","ocean_shortcode_before_header":"","ocean_shortcode_after_header":"","ocean_has_shortcode":"","ocean_shortcode_after_title":"","ocean_shortcode_before_footer_widgets":"","ocean_shortcode_after_footer_widgets":"","ocean_shortcode_before_footer_bottom":"","ocean_shortcode_after_footer_bottom":"","ocean_display_top_bar":"off","ocean_display_header":"default","ocean_header_style":"","ocean_center_header_left_menu":"","ocean_custom_header_template":"","ocean_custom_logo":0,"ocean_custom_retina_logo":0,"ocean_custom_logo_max_width":0,"ocean_custom_logo_tablet_max_width":0,"ocean_custom_logo_mobile_max_width":0,"ocean_custom_logo_max_height":0,"ocean_custom_logo_tablet_max_height":0,"ocean_custom_logo_mobile_max_height":0,"ocean_header_custom_menu":"","ocean_menu_typo_font_family":"","ocean_menu_typo_font_subset":"","ocean_menu_typo_font_size":0,"ocean_menu_typo_font_size_tablet":0,"ocean_menu_typo_font_size_mobile":0,"ocean_menu_typo_font_size_unit":"px","ocean_menu_typo_font_weight":"","ocean_menu_typo_font_weight_tablet":"","ocean_menu_typo_font_weight_mobile":"","ocean_menu_typo_transform":"","ocean_menu_typo_transform_tablet":"","ocean_menu_typo_transform_mobile":"","ocean_menu_typo_line_height":0,"ocean_menu_typo_line_height_tablet":0,"ocean_menu_typo_line_height_mobile":0,"ocean_menu_typo_line_height_unit":"","ocean_menu_typo_spacing":0,"ocean_menu_typo_spacing_tablet":0,"ocean_menu_typo_spacing_mobile":0,"ocean_menu_typo_spacing_unit":"","ocean_menu_link_color":"","ocean_menu_link_color_hover":"","ocean_menu_link_color_active":"","ocean_menu_link_background":"","ocean_menu_link_hover_background":"","ocean_menu_link_active_background":"","ocean_menu_social_links_bg":"","ocean_menu_social_hover_links_bg":"","ocean_menu_social_links_color":"","ocean_menu_social_hover_links_color":"","ocean_disable_title":"on","ocean_disable_heading":"default","ocean_post_title":"","ocean_post_subheading":"","ocean_post_title_style":"","ocean_post_title_background_color":"","ocean_post_title_background":0,"ocean_post_title_bg_image_position":"","ocean_post_title_bg_image_attachment":"","ocean_post_title_bg_image_repeat":"","ocean_post_title_bg_image_size":"","ocean_post_title_height":0,"ocean_post_title_bg_overlay":0.5,"ocean_post_title_bg_overlay_color":"","ocean_disable_breadcrumbs":"default","ocean_breadcrumbs_color":"","ocean_breadcrumbs_separator_color":"","ocean_breadcrumbs_links_color":"","ocean_breadcrumbs_links_hover_color":"","ocean_display_footer_widgets":"off","ocean_display_footer_bottom":"off","ocean_custom_footer_template":"","footnotes":""},"class_list":["post-1424","page","type-page","status-publish","hentry","entry"],"_links":{"self":[{"href":"https:\/\/guercino.cultura.gov.it\/index.php?rest_route=\/wp\/v2\/pages\/1424","targetHints":{"allow":["GET"]}}],"collection":[{"href":"https:\/\/guercino.cultura.gov.it\/index.php?rest_route=\/wp\/v2\/pages"}],"about":[{"href":"https:\/\/guercino.cultura.gov.it\/index.php?rest_route=\/wp\/v2\/types\/page"}],"author":[{"embeddable":true,"href":"https:\/\/guercino.cultura.gov.it\/index.php?rest_route=\/wp\/v2\/users\/2"}],"replies":[{"embeddable":true,"href":"https:\/\/guercino.cultura.gov.it\/index.php?rest_route=%2Fwp%2Fv2%2Fcomments&post=1424"}],"version-history":[{"count":24,"href":"https:\/\/guercino.cultura.gov.it\/index.php?rest_route=\/wp\/v2\/pages\/1424\/revisions"}],"predecessor-version":[{"id":5636,"href":"https:\/\/guercino.cultura.gov.it\/index.php?rest_route=\/wp\/v2\/pages\/1424\/revisions\/5636"}],"wp:attachment":[{"href":"https:\/\/guercino.cultura.gov.it\/index.php?rest_route=%2Fwp%2Fv2%2Fmedia&parent=1424"}],"curies":[{"name":"wp","href":"https:\/\/api.w.org\/{rel}","templated":true}]}}