{"id":570,"date":"2023-10-10T11:48:28","date_gmt":"2023-10-10T09:48:28","guid":{"rendered":"https:\/\/guercino.cultura.gov.it\/?page_id=570"},"modified":"2023-10-26T02:48:01","modified_gmt":"2023-10-26T00:48:01","slug":"progetto-2","status":"publish","type":"page","link":"https:\/\/guercino.cultura.gov.it\/?page_id=570","title":{"rendered":"Progetto"},"content":{"rendered":"\t\t<div data-elementor-type=\"wp-page\" data-elementor-id=\"570\" class=\"elementor elementor-570\" data-elementor-post-type=\"page\">\n\t\t\t\t\t\t<header class=\"elementor-section elementor-top-section elementor-element elementor-element-26368a70 elementor-section-height-min-height elementor-section-boxed elementor-section-height-default elementor-section-items-middle\" data-id=\"26368a70\" data-element_type=\"section\" data-settings=\"{&quot;background_background&quot;:&quot;classic&quot;,&quot;shape_divider_bottom&quot;:&quot;waves&quot;}\">\n\t\t\t\t\t\t\t<div class=\"elementor-background-overlay\"><\/div>\n\t\t\t\t\t\t<div class=\"elementor-shape elementor-shape-bottom\" data-negative=\"false\">\n\t\t\t<svg xmlns=\"http:\/\/www.w3.org\/2000\/svg\" viewBox=\"0 0 1000 100\" preserveAspectRatio=\"none\">\n\t<path class=\"elementor-shape-fill\" d=\"M421.9,6.5c22.6-2.5,51.5,0.4,75.5,5.3c23.6,4.9,70.9,23.5,100.5,35.7c75.8,32.2,133.7,44.5,192.6,49.7\n\tc23.6,2.1,48.7,3.5,103.4-2.5c54.7-6,106.2-25.6,106.2-25.6V0H0v30.3c0,0,72,32.6,158.4,30.5c39.2-0.7,92.8-6.7,134-22.4\n\tc21.2-8.1,52.2-18.2,79.7-24.2C399.3,7.9,411.6,7.5,421.9,6.5z\"\/>\n<\/svg>\t\t<\/div>\n\t\t\t\t\t<div class=\"elementor-container elementor-column-gap-default\">\n\t\t\t\t\t<div class=\"elementor-column elementor-col-100 elementor-top-column elementor-element elementor-element-2fe587e4\" data-id=\"2fe587e4\" data-element_type=\"column\" data-settings=\"{&quot;background_background&quot;:&quot;classic&quot;}\">\n\t\t\t<div class=\"elementor-widget-wrap elementor-element-populated\">\n\t\t\t\t\t\t<div class=\"elementor-element elementor-element-1a02c332 elementor-widget elementor-widget-heading\" data-id=\"1a02c332\" data-element_type=\"widget\" data-widget_type=\"heading.default\">\n\t\t\t\t<div class=\"elementor-widget-container\">\n\t\t\t<h1 class=\"elementor-heading-title elementor-size-default\">Il progetto<\/h1>\t\t<\/div>\n\t\t\t\t<\/div>\n\t\t\t\t<div class=\"elementor-element elementor-element-d0fbe7b elementor-widget__width-initial elementor-widget elementor-widget-heading\" data-id=\"d0fbe7b\" data-element_type=\"widget\" data-widget_type=\"heading.default\">\n\t\t\t\t<div class=\"elementor-widget-container\">\n\t\t\t<h1 class=\"elementor-heading-title elementor-size-default\">Guercino: oltre il colore <\/h1>\t\t<\/div>\n\t\t\t\t<\/div>\n\t\t\t\t<div class=\"elementor-element elementor-element-5cc9a9d elementor-widget__width-initial elementor-fixed elementor-widget elementor-widget-image\" data-id=\"5cc9a9d\" data-element_type=\"widget\" data-settings=\"{&quot;_position&quot;:&quot;fixed&quot;}\" data-widget_type=\"image.default\">\n\t\t\t\t<div class=\"elementor-widget-container\">\n\t\t\t\t\t\t\t\t\t\t\t\t\t\t<a href=\"https:\/\/guercino.cultura.gov.it\/?page_id=62\">\n\t\t\t\t\t\t\t<img decoding=\"async\" width=\"100\" height=\"100\" src=\"https:\/\/guercino.cultura.gov.it\/wp-content\/uploads\/2023\/10\/icons8-cerchiato-sinistra-100-2.png\" class=\"attachment-full size-full wp-image-1996\" alt=\"\" \/>\t\t\t\t\t\t\t\t<\/a>\n\t\t\t\t\t\t\t\t\t\t\t\t\t<\/div>\n\t\t\t\t<\/div>\n\t\t\t\t\t<\/div>\n\t\t<\/div>\n\t\t\t\t\t<\/div>\n\t\t<\/header>\n\t\t\t\t<section class=\"elementor-section elementor-top-section elementor-element elementor-element-7136e579 elementor-section-boxed elementor-section-height-default elementor-section-height-default elementor-invisible\" data-id=\"7136e579\" data-element_type=\"section\" data-settings=\"{&quot;background_background&quot;:&quot;classic&quot;,&quot;animation&quot;:&quot;fadeInDown&quot;,&quot;animation_delay&quot;:200}\">\n\t\t\t\t\t\t<div class=\"elementor-container elementor-column-gap-default\">\n\t\t\t\t\t<div class=\"elementor-column elementor-col-100 elementor-top-column elementor-element elementor-element-217f150d\" data-id=\"217f150d\" data-element_type=\"column\">\n\t\t\t<div class=\"elementor-widget-wrap elementor-element-populated\">\n\t\t\t\t\t\t<div class=\"elementor-element elementor-element-b53724e elementor-widget__width-initial elementor-widget elementor-widget-text-editor\" data-id=\"b53724e\" data-element_type=\"widget\" data-widget_type=\"text-editor.default\">\n\t\t\t\t<div class=\"elementor-widget-container\">\n\t\t\t\t\t\t\t<p style=\"text-align: center;\" align=\"justify\"><span style=\"font-size: 24pt; font-family: aetna;\"><strong><i>Guercino: oltre il colore<\/i><\/strong><\/span><\/p>\n<p><span style=\"font-family: aetna; font-size: 18pt;\">Il progetto di ricerca, inaugurato nel <b>2017<\/b>, ha avuto come obiettivo l\u2019<b>esecuzione di una vasta campagna di indagini tecnico-scientifiche<\/b> finalizzata a caratterizzare la <b>tecnica pittorica del Guercino <\/b>(1591-1666). L\u2019indagine \u00e8 stata avviata allo scopo di ottenere una visione organica dell\u2019opera del maestro mettendo a confronto, per la prima volta in maniera sistematica, i dati tecnico-materiali e le fonti documentarie, con particolare riferimento al <em>Libro dei Conti&nbsp;<\/em>dell\u2019artista.<\/span><\/p>\n<p><span style=\"font-family: aetna; font-size: 18pt;\">Lo staff del Laboratorio Diagnostico del Dipartimento di Beni Culturali dell\u2019Universit\u00e0 di Bologna, in collaborazione con Lumi\u00e8re Technology, ha realizzato una<b> mappatura delle opere pi\u00f9 significative <\/b>mediante l\u2019applicazione di un kit di prove tecniche ripetute sui dipinti oggetto d\u2019indagine. Negli ultimi anni dipinti mobili e pitture murali sono stati esaminati attraverso tecniche <b>videomicroscopiche<\/b>,&nbsp;<b><em>imaging<\/em>&nbsp;multispettrale<\/b>, <b>analisi chimiche non invasive e portatili <\/b>(spettroscopia a raggi X, Raman) e, in alcuni casi, micro-campionamenti con analisi spettroscopiche di sezioni stratigrafiche. Ad oggi, grazie al progetto&nbsp;<em>Guercino: oltre il colore<\/em>, sono stati sottoposti a indagine numerosi dipinti dell\u2019artista conservati nei&nbsp; musei di Bologna, Cento, Piacenza, Parma, Genova, Cesena, Ferrara, Roma e Torino.<\/span><\/p>\n<p style=\"text-align: center;\" align=\"justify\"><span style=\"font-family: aetna; font-size: 18pt; color: #000000;\">Gruppo di ricerca: Barbara Ghelfi (Unibo), Mariangela Vandini (Unibo), Chiara Matteucci (Unibo), Salvatore Andrea Apicella (Lumi\u00e8re Technology), Martina Cataldo (Unibo), Pascal Cotte (Lumi\u00e8re Technology), Pasquale Stenta (Unibo), Gaia Tarantola (Unibo).<\/span><\/p>\t\t\t\t\t\t<\/div>\n\t\t\t\t<\/div>\n\t\t\t\t\t<\/div>\n\t\t<\/div>\n\t\t\t\t\t<\/div>\n\t\t<\/section>\n\t\t\t\t<\/div>\n\t\t","protected":false},"excerpt":{"rendered":"<p>Il progetto Guercino: oltre il colore Guercino: oltre il colore Il progetto di ricerca, inaugurato nel 2017, ha avuto come obiettivo l\u2019esecuzione di una vasta campagna di indagini tecnico-scientifiche finalizzata a caratterizzare la tecnica pittorica del Guercino (1591-1666). L\u2019indagine \u00e8 stata avviata allo scopo di ottenere una visione organica dell\u2019opera del maestro mettendo a confronto, [&hellip;]<\/p>\n","protected":false},"author":2,"featured_media":0,"parent":0,"menu_order":0,"comment_status":"closed","ping_status":"closed","template":"","meta":{"ocean_post_layout":"full-screen","ocean_both_sidebars_style":"","ocean_both_sidebars_content_width":0,"ocean_both_sidebars_sidebars_width":0,"ocean_sidebar":"","ocean_second_sidebar":"","ocean_disable_margins":"enable","ocean_add_body_class":"","ocean_shortcode_before_top_bar":"","ocean_shortcode_after_top_bar":"","ocean_shortcode_before_header":"","ocean_shortcode_after_header":"","ocean_has_shortcode":"","ocean_shortcode_after_title":"","ocean_shortcode_before_footer_widgets":"","ocean_shortcode_after_footer_widgets":"","ocean_shortcode_before_footer_bottom":"","ocean_shortcode_after_footer_bottom":"","ocean_display_top_bar":"off","ocean_display_header":"default","ocean_header_style":"","ocean_center_header_left_menu":"","ocean_custom_header_template":"","ocean_custom_logo":0,"ocean_custom_retina_logo":0,"ocean_custom_logo_max_width":0,"ocean_custom_logo_tablet_max_width":0,"ocean_custom_logo_mobile_max_width":0,"ocean_custom_logo_max_height":0,"ocean_custom_logo_tablet_max_height":0,"ocean_custom_logo_mobile_max_height":0,"ocean_header_custom_menu":"","ocean_menu_typo_font_family":"","ocean_menu_typo_font_subset":"","ocean_menu_typo_font_size":0,"ocean_menu_typo_font_size_tablet":0,"ocean_menu_typo_font_size_mobile":0,"ocean_menu_typo_font_size_unit":"px","ocean_menu_typo_font_weight":"","ocean_menu_typo_font_weight_tablet":"","ocean_menu_typo_font_weight_mobile":"","ocean_menu_typo_transform":"","ocean_menu_typo_transform_tablet":"","ocean_menu_typo_transform_mobile":"","ocean_menu_typo_line_height":0,"ocean_menu_typo_line_height_tablet":0,"ocean_menu_typo_line_height_mobile":0,"ocean_menu_typo_line_height_unit":"","ocean_menu_typo_spacing":0,"ocean_menu_typo_spacing_tablet":0,"ocean_menu_typo_spacing_mobile":0,"ocean_menu_typo_spacing_unit":"","ocean_menu_link_color":"","ocean_menu_link_color_hover":"","ocean_menu_link_color_active":"","ocean_menu_link_background":"","ocean_menu_link_hover_background":"","ocean_menu_link_active_background":"","ocean_menu_social_links_bg":"","ocean_menu_social_hover_links_bg":"","ocean_menu_social_links_color":"","ocean_menu_social_hover_links_color":"","ocean_disable_title":"on","ocean_disable_heading":"default","ocean_post_title":"","ocean_post_subheading":"","ocean_post_title_style":"","ocean_post_title_background_color":"","ocean_post_title_background":0,"ocean_post_title_bg_image_position":"","ocean_post_title_bg_image_attachment":"","ocean_post_title_bg_image_repeat":"","ocean_post_title_bg_image_size":"","ocean_post_title_height":0,"ocean_post_title_bg_overlay":0.5,"ocean_post_title_bg_overlay_color":"","ocean_disable_breadcrumbs":"default","ocean_breadcrumbs_color":"","ocean_breadcrumbs_separator_color":"","ocean_breadcrumbs_links_color":"","ocean_breadcrumbs_links_hover_color":"","ocean_display_footer_widgets":"off","ocean_display_footer_bottom":"off","ocean_custom_footer_template":"","footnotes":""},"class_list":["post-570","page","type-page","status-publish","hentry","entry"],"_links":{"self":[{"href":"https:\/\/guercino.cultura.gov.it\/index.php?rest_route=\/wp\/v2\/pages\/570","targetHints":{"allow":["GET"]}}],"collection":[{"href":"https:\/\/guercino.cultura.gov.it\/index.php?rest_route=\/wp\/v2\/pages"}],"about":[{"href":"https:\/\/guercino.cultura.gov.it\/index.php?rest_route=\/wp\/v2\/types\/page"}],"author":[{"embeddable":true,"href":"https:\/\/guercino.cultura.gov.it\/index.php?rest_route=\/wp\/v2\/users\/2"}],"replies":[{"embeddable":true,"href":"https:\/\/guercino.cultura.gov.it\/index.php?rest_route=%2Fwp%2Fv2%2Fcomments&post=570"}],"version-history":[{"count":25,"href":"https:\/\/guercino.cultura.gov.it\/index.php?rest_route=\/wp\/v2\/pages\/570\/revisions"}],"predecessor-version":[{"id":3129,"href":"https:\/\/guercino.cultura.gov.it\/index.php?rest_route=\/wp\/v2\/pages\/570\/revisions\/3129"}],"wp:attachment":[{"href":"https:\/\/guercino.cultura.gov.it\/index.php?rest_route=%2Fwp%2Fv2%2Fmedia&parent=570"}],"curies":[{"name":"wp","href":"https:\/\/api.w.org\/{rel}","templated":true}]}}